 What is the tens digit of t?
4
Suppose 5*t - 5*z - 31 - 39 = 0, -4*t - z + 66 = 0. Suppose 7 = k - t. What is the tens digit of k?
2
What is the tens digit of (-7247)/(-9) + (-52)/234?
0
What is the thousands digit of 8438*(-2)/(-16) - (-50)/200?
1
Let o = 448 + -321. What is the tens digit of o?
2
Suppose 0 = -2*p + 8, 2*f - 28 = -p - 2*p. Suppose -3*k = z - 40, f*z - 32 = -3*k + 3*z. What is the tens digit of k?
1
Let t(d) = 14*d**2 + 7*d - 4. Let x(s) = 15*s**2 + 8*s - 3. Let v(h) = 3*t(h) - 2*x(h). What is the units digit of v(4)?
6
What is the thousands digit of ((-49)/14)/(-7)*2*1649?
1
Let q(u) = 2*u**2 - 3*u + 2. Let m be q(3). Suppose -j = -2*g + 7, -2*g - j + m = 2*g. Let x = -2 + g. What is the units digit of x?
1
Suppose -36*y + 4084 = -34*y. What is the thousands digit of y?
2
Let y(r) = -122*r**2 - 3*r + 2. Let w be y(1). Let t = w - -220. What is the units digit of t?
7
Let k(s) = -s**2 + 36 + 3*s - 44 + 18*s. What is the units digit of k(18)?
6
Suppose 0 = 67*j + 139038 - 373270. What is the thousands digit of j?
3
Let s = 70 - 71. What is the units digit of 101/(1 - (s + 1))?
1
Suppose -11 = -3*v - 5. Suppose -6798 = -v*f - 20*f. What is the tens digit of f?
0
Suppose -1798 = -3*l + 4*i, -9*i + 14*i = 5*l - 3000. What is the units digit of l?
2
Suppose 0 = -2*m + 2*o + 162 + 1918, -m = -4*o - 1028. Suppose 9*x - m - 1386 = 0. What is the hundreds digit of x?
2
Let n = -39 - -74. Let j be 10/n + (-1340)/(-14). Suppose v - j = -3*v. What is the units digit of v?
4
Let g(k) = -2*k. Let m(h) = -h - 23. Let q be m(-15). What is the tens digit of g(q)?
1
Let k be (12/10)/(8/120). What is the tens digit of (2 - -23)*k/10?
4
Let d be (-2 - (2 + -6)) + 15. Suppose -4*m = 2*l - 40, 0 = -m - 3*l + 3 + d. Let k(a) = 3*a - 18. What is the units digit of k(m)?
6
Let h = -20 + 26. Let z = -3 + h. Let j(q) = 2*q + 1. What is the units digit of j(z)?
7
Let h(j) = -j**3 + j**2 - 2*j - 28. Let n be h(0). Let y = 20 + n. What is the tens digit of -2 - (-12)/y*-32?
4
Suppose -3*w + 79 - 9 = o, -64 = -3*w + 5*o. Let h = 13 + 17. Let q = h - w. What is the units digit of q?
7
What is the units digit of (4*1/(-8))/((-2)/2892)?
3
What is the hundreds digit of 295080/(-10)*(-2)/12?
9
Let l(k) = 4*k + 2. Let p(g) = -2*g**2 + 6*g**2 + 0*g**2 - 5 + g**3 - 7*g. Let i be p(-5). What is the units digit of l(i)?
2
Suppose 3*l + 16 = -11. Let n = l - -13. Suppose -5*m + 139 = 3*o - 10*m, n*o + 5*m = 232. What is the tens digit of o?
5
Let r(f) = -f - 10. Let s be r(-6). What is the units digit of (80 - 2)/((-6)/s)?
2
What is the hundreds digit of (33/9)/(8/2616)?
1
Suppose -4*o + 8 + 16 = 0. Let r = 8 - o. What is the units digit of r?
2
Suppose 3*o + 2*l = -2, 5*l + 26 = 2*o + o. Suppose m - 4 = -5*c - 0*c, 4*m + 2*c + o = 0. What is the units digit of -1*(1 - (4 - m))?
4
Suppose 2*q + 3*i + 24 = i, -5*i - 21 = 2*q. Let h = 19 + q. Suppose 8*l - 30 = h*l. What is the tens digit of l?
1
Let i(k) = 674*k - 213. What is the units digit of i(3)?
9
Let f(l) = -19*l + 220. What is the units digit of f(-22)?
8
Suppose -2*t - 14 = 18. Let k = 17 - 15. What is the tens digit of 68/t*k*-2?
1
Suppose 3*p - 20 = -5*r, -5 = 5*r - 0*p - 2*p. Let f(a) = -2 + 3*a**2 - r - 9*a**3 - 3*a**2 - 2*a**2 - 3*a. What is the units digit of f(-2)?
7
Let k = 5074 + -3465. What is the tens digit of k?
0
Let x = 553 - 356. Let z = x - 111. Suppose -13 = -3*n + 3*h + 41, 4*n = -3*h + z. What is the tens digit of n?
2
Suppose -2*o + 3472 = -2*a, -16*a = 3*o - 20*a - 5209. What is the units digit of o?
5
Let t(w) = 5*w**3 - w**2 + w - 1. Let j be t(1). Let g(f) = 3 + j + 9 + f. What is the tens digit of g(-6)?
1
Let g(k) = 5*k**2 + 27*k + 17. What is the hundreds digit of g(-11)?
3
Let y(i) = -i + 30. What is the units digit of y(29)?
1
Let n(c) = c**3 - 12*c**2 + 4*c - 11. Let b = 15 - 9. Let w(s) = -s + 18. Let h be w(b). What is the tens digit of n(h)?
3
Let r(t) = 0*t**2 - 5 + 3 + t**2 + 7*t. Suppose 0 = z - 17 + 26. What is the units digit of r(z)?
6
Suppose -h + 515 = 5*n, -h - n + 1003 = h. What is the tens digit of h?
0
Suppose 2*d - 2*b = 2032, b - 3*b = 2. What is the thousands digit of d?
1
Let h(c) = 7*c**2 + 8*c - 4. Suppose 3*v + 36 = -3*v. What is the units digit of h(v)?
0
Let p(v) = 14*v**2 + 2*v + 5. Let l be p(3). Let m = l + -90. What is the tens digit of m?
4
Let y(t) = 3*t**2 + 14*t - 137. What is the hundreds digit of y(-25)?
3
Let z = 24 + -22. Let n(a) = 8*a**2 - 7*a + 5. Let v be n(z). Let q = v + -16. What is the units digit of q?
7
Let c(r) = -r**3 + r**2 + 12*r - 93. What is the thousands digit of c(-12)?
1
Let x = -384 + 1730. What is the thousands digit of x?
1
Let k = 83 - -17. Suppose 0 = 2*a - a - k. What is the tens digit of a?
0
What is the thousands digit of (-23572)/(-14) - (-10)/(-70)*-2?
1
Let q = 821 - 344. What is the units digit of q?
7
What is the hundreds digit of (6 - (-6294)/(-4))*4/(-6)?
0
Let d(w) = 2*w**2 + 8. What is the hundreds digit of d(-14)?
4
Let p be ((-2)/(-8))/(1/(-4)). Let l be p/(-4) + 1/(-4). Suppose l*g + 10 = 5*g. What is the units digit of g?
2
Let c be -1 - (12/(-3) - -1). Suppose -3*w - 110 = -2*a + w, -4*a - c*w + 210 = 0. What is the tens digit of a?
5
What is the units digit of (2 + -27)*(-668)/20?
5
Let t(p) = 276*p**3 + 4*p**2 - 5*p + 1. What is the tens digit of t(1)?
7
Let s(r) be the third derivative of -r**6/120 - 7*r**5/60 + r**4/3 - r**3/3 + 8*r**2. Let m be s(-8). Let c = m + 4. What is the units digit of c?
2
Suppose 0*k - 5*k + 15 = 0. Let h be (28/(-8) + k)*-16. Suppose -f + h = 3*f. What is the units digit of f?
2
Let m(x) = 0 - 4 - 10*x + 2*x**2 + 6*x. Let c be 6/27 + (1330/45)/(-7). What is the tens digit of m(c)?
4
Let a = -3 - -4. Let h be 1/(a/192*3). Suppose -5*c + c + h = 0. What is the units digit of c?
6
Let v(h) = 536*h**2 - h - 4. What is the tens digit of v(-2)?
4
Let p = 342 - 22. What is the units digit of p?
0
Let f(h) = 63*h + 2. Let m be f(-1). Let c = 0 - m. What is the units digit of c?
1
Suppose 0 = -5*z + 2*z + 15. Suppose -z*h + o - 1 = -0*h, -5*o = -5*h - 5. Suppose h = 3*r - r - 20. What is the tens digit of r?
1
What is the hundreds digit of ((-53)/(-3))/(54/10206) - -6?
3
Suppose -4*k = -11 + 55. What is the tens digit of (-355)/(-2) + k/(-22)?
7
Let j = -10 - -8. What is the units digit of 57 + j*(6 + -4)?
3
Let l be (65/10)/((-1)/(-94)). Suppose -w - 5*o = -221, 13*o = -3*w + 11*o + l. What is the hundreds digit of w?
2
Let f(b) = -b**3 - 11*b**2 - 11*b - 20. Let k be f(-10). What is the units digit of (2/k - 114/30) + 11?
7
Let i(v) = -3*v**2 + 2*v - 1. Let x be i(1). What is the units digit of (-56)/(-21)*(-6)/x?
8
Let s(f) = 478*f + 238. What is the tens digit of s(11)?
9
Let c = 3169 - 933. What is the thousands digit of c?
2
Let l = -1 + 4. Suppose 4*z - 4 = -4*b, 0 = -8*b + 3*b + l*z + 21. Suppose -b*c + 6 = -2*c. What is the units digit of c?
6
Let w = -2342 + 3385. What is the thousands digit of w?
1
Let g = -86 + 104. Suppose r - 44 - g = 0. What is the units digit of r?
2
Let i = 88 + -26. What is the units digit of (-2)/4 + 1581/i?
5
Let h = 210 + 121. What is the hundreds digit of h?
3
Let f(q) = -543*q + 1090. What is the hundreds digit of f(-8)?
4
What is the hundreds digit of (2112/(-55))/((-3)/90*4)?
2
Let b(y) be the second derivative of 6*y**5/5 - y**4/6 + y**2/2 - 12*y. What is the tens digit of b(1)?
2
What is the tens digit of (-1 - -7 - 13)*-4?
2
Let q(k) be the first derivative of k**3/3 + 7*k**2/2 + 15. What is the tens digit of q(-11)?
4
Let t(x) = 5*x**2 - 12*x - 6. Let h be t(6). Suppose 4*p + 0*p + 20 = 0. What is the units digit of (-6)/15 - h/p?
0
Let k(j) = 11*j**3 + 10*j**2 - 10*j + 4. What is the hundreds digit of k(4)?
8
What is the units digit of (-3)/12 - 1090/(-40)?
7
Suppose -7*i = -2*i - 5675. Let n be i/15 + (-4)/6. Suppose -2*k - 151 = -3*u, -u + n = -4*k + 28. What is the units digit of u?
1
Suppose 0 = g + y - 3, 2*g - 4*y - 2 - 4 = 0. Suppose -3*o + 24 = g. What is the units digit of o?
7
Let n(o) = -o**2 - 8*o - 1. Let j be n(-8). Let t be j/(1/6) - -3. What is the tens digit of t - (6/(-3) - 11)?
1
Let h = 492 - 4. What is the units digit of h?
8
Suppose -5*j - 3130 = -6*j - d, -3*d - 9 = 0. What is the tens digit of j?
3
What is 